{"id":5410,"date":"2021-08-20T10:09:04","date_gmt":"2021-08-20T08:09:04","guid":{"rendered":"https:\/\/mendillorri-mendigoiti.educacion.navarra.es\/web\/aprendizaje-basado-en-el-pensamiento-tbl\/"},"modified":"2021-09-30T07:26:32","modified_gmt":"2021-09-30T05:26:32","slug":"aprendizaje-basado-en-el-pensamiento-tbl","status":"publish","type":"page","link":"https:\/\/mendillorri-mendigoiti.educacion.navarra.es\/web\/es\/aprendizaje-basado-en-el-pensamiento-tbl\/","title":{"rendered":"Aprendizaje Basado en el Pensamiento (TBL)"},"content":{"rendered":"\n<p>El TBL (Thinking Based Learning) o Aprendizaje Basado en el Pensamiento, es un tipo de aprendizaje activo en el que se prioriza el razonamiento por encima de la memorizaci\u00f3n estanca de los contenidos, con el objetivo de desarrollar el <em>pensamiento eficaz<\/em>.<\/p>\n\n\n\n<p>Este m\u00e9todo surje de los trabajos realizados por el equipo de Robert Swartz, Ron Rittchart, David Perkins etc. dentro del <a href=\"https:\/\/profuturo.education\/topics\/ensenar-a-pensar-nuevo-curriculum-project-zero\/\">proyecto ZERO<\/a> de la Universidad de Harvard.<\/p>\n\n\n\n<p>Requiere del uso de procedimientos de razonamiento de orden superior como la toma de decisiones, comparar y contrastar, predecir, etc. Para ello, se utilizan los denominados <em>mapas de pensamien<\/em>t<em>o<\/em>, junto con los organizadores gr\u00e1ficos y diferentes rutinas de pensamiento para analizar, sintetizar, organizar y profundizar en las ideas.<\/p>\n\n\n\n<p>En este enfoque activo el rol de l@ maestr@ pasa de dar a l@s alumn@s informaci\u00f3n que quieren que aprendan, a ayudarlos a encontrar esa informaci\u00f3n por ell@s mism@s y determinar c\u00f3mo utilizarla, para as\u00ed, desarrollar por un lado el pensamiento cr\u00edtico y, por otro, la libertad de pensamiento, competencias fundamentales en los tiempos actuales.&nbsp;<\/p>\n\n\n\n<p><\/p>\n\n\n\n<p class=\"has-text-align-center\"><\/p>\n\n\n\n<div class=\"wp-block-image\"><figure class=\"aligncenter size-full is-resized\"><img data-attachment-id=\"5456\" data-permalink=\"https:\/\/mendillorri-mendigoiti.educacion.navarra.es\/web\/es\/aprendizaje-basado-en-el-pensamiento-tbl\/tbl-1\/\" data-orig-file=\"https:\/\/i0.wp.com\/mendillorri-mendigoiti.educacion.navarra.es\/web\/wp-content\/uploads\/2021\/09\/TBL-1.png?fit=600%2C338&amp;ssl=1\" data-orig-size=\"600,338\" data-comments-opened=\"1\" data-image-meta=\"{&quot;aperture&quot;:&quot;0&quot;,&quot;credit&quot;:&quot;&quot;,&quot;camera&quot;:&quot;&quot;,&quot;caption&quot;:&quot;&quot;,&quot;created_timestamp&quot;:&quot;0&quot;,&quot;copyright&quot;:&quot;&quot;,&quot;focal_length&quot;:&quot;0&quot;,&quot;iso&quot;:&quot;0&quot;,&quot;shutter_speed&quot;:&quot;0&quot;,&quot;title&quot;:&quot;&quot;,&quot;orientation&quot;:&quot;0&quot;}\" data-image-title=\"TBL-1\" data-image-description=\"\" data-image-caption=\"\" data-medium-file=\"https:\/\/i0.wp.com\/mendillorri-mendigoiti.educacion.navarra.es\/web\/wp-content\/uploads\/2021\/09\/TBL-1.png?fit=600%2C338&amp;ssl=1\" data-large-file=\"https:\/\/i0.wp.com\/mendillorri-mendigoiti.educacion.navarra.es\/web\/wp-content\/uploads\/2021\/09\/TBL-1.png?fit=600%2C338&amp;ssl=1\" loading=\"lazy\" src=\"https:\/\/i0.wp.com\/mendillorri-mendigoiti.educacion.navarra.es\/web\/wp-content\/uploads\/2021\/09\/TBL-1.png?resize=890%2C502&#038;ssl=1\" alt=\"\" class=\"wp-image-5456\" width=\"890\" height=\"502\" data-recalc-dims=\"1\" \/><\/figure><\/div>\n","protected":false},"excerpt":{"rendered":"<p>El TBL (Thinking Based Learning) o Aprendizaje Basado en el Pensamiento, es un tipo de aprendizaje activo en el que se prioriza el razonamiento por encima de la memorizaci\u00f3n estanca de los contenidos, con el objetivo de desarrollar el pensamiento eficaz. Este m\u00e9todo surje de los trabajos realizados por el equipo de Robert Swartz, Ron &hellip; <\/p>\n<p><a class=\"more-link btn\" href=\"https:\/\/mendillorri-mendigoiti.educacion.navarra.es\/web\/es\/aprendizaje-basado-en-el-pensamiento-tbl\/\">Continue reading<\/a><\/p>\n","protected":false},"author":1,"featured_media":0,"parent":0,"menu_order":0,"comment_status":"closed","ping_status":"closed","template":"","meta":{"jetpack_post_was_ever_published":false},"jetpack_sharing_enabled":true,"jetpack_shortlink":"https:\/\/wp.me\/P87afU-1pg","jetpack-related-posts":[{"id":4378,"url":"https:\/\/mendillorri-mendigoiti.educacion.navarra.es\/web\/es\/aprendizaje-basado-en-proyectos\/","url_meta":{"origin":5410,"position":0},"title":"APRENDIZAJE BASADO EN PROYECTOS Y EL APRENDIZAJE COOPERATIVO: PROGRAMA AC\/CA","date":"7 de junio de 2020","format":false,"excerpt":"El\u00a0Aprendizaje Basado en Proyectos\u00a0(ABP) es una metodolog\u00eda activa, una modalidad de ense\u00f1anza y aprendizaje centrada en el ni\u00f1o y la ni\u00f1a; un proceso compartido entre los participantes, siendo su objetivo principal la obtenci\u00f3n de un producto final. Este m\u00e9todo promueve el aprendizaje cooperativo, grupal e individual y aut\u00f3nomo dentro de\u2026","rel":"","context":"Entrada similar","img":{"alt_text":"","src":"https:\/\/i0.wp.com\/mendillorri-mendigoiti.educacion.navarra.es\/web\/wp-content\/uploads\/2020\/06\/ER020115-Aurkezpena-2.bloke-guraso-bilera-1.jpg?resize=350%2C200&ssl=1","width":350,"height":200},"classes":[]},{"id":5755,"url":"https:\/\/mendillorri-mendigoiti.educacion.navarra.es\/web\/es\/programas-socioemocionales\/","url_meta":{"origin":5410,"position":1},"title":"Programas Socioemocionales","date":"1 de noviembre de 2022","format":false,"excerpt":"Los conocimientos aportados desde las ciencias del aprendizaje y la neuroeducaci\u00f3n, nos indican que el entrenamiento y desarrollo de las Funciones Ejecutivas (FE) y la autorregulaci\u00f3n emocional, son componentes clave tanto para el aprendizaje como para una vida en sociedad. Las investigaciones aportadas desde las neurociencias contemplativas por Richard J.\u2026","rel":"","context":"Entrada similar","img":{"alt_text":"","src":"https:\/\/i0.wp.com\/mendillorri-mendigoiti.educacion.navarra.es\/web\/wp-content\/uploads\/2022\/11\/Captura-de-pantalla-2022-11-01-a-las-16.15.50.png?resize=350%2C200&ssl=1","width":350,"height":200},"classes":[]},{"id":242,"url":"https:\/\/mendillorri-mendigoiti.educacion.navarra.es\/web\/es\/proyecto-tic\/","url_meta":{"origin":5410,"position":2},"title":"Plan digital de centro","date":"28 de mayo de 2014","format":false,"excerpt":"\u00a0 Hoy nuestra sociedad est\u00e1 a\u00fan m\u00e1s digitalizada. Existen evidencias suficientes de la influencia negativa de la pantalla y su uso excesivo en el rendimiento escolar. Esto est\u00e1 generando una gran preocupaci\u00f3n en la comunidad educativa y un gran debate sobre el uso de las pantallas. \u00a0 Por tanto, los\u2026","rel":"","context":"Entrada similar","img":{"alt_text":"","src":"https:\/\/i0.wp.com\/mendillorri-mendigoiti.educacion.navarra.es\/web\/wp-content\/uploads\/2023\/09\/Captura-2.png?resize=350%2C200&ssl=1","width":350,"height":200},"classes":[]},{"id":5075,"url":"https:\/\/mendillorri-mendigoiti.educacion.navarra.es\/web\/es\/ecos-de-mendigoiti\/","url_meta":{"origin":5410,"position":3},"title":"Ecos de Mendigoiti","date":"31 de diciembre de 2020","format":false,"excerpt":"ROC\u00cdO NIEBLAMadrid -\u00a006\u00a0ABR\u00a02023 - 05:25\u00a0CEST DOSIER GRA\u00d3 ENERO 2023 CONSEJO ESCOLAR DE NAVARRA DICIEMBRE 2022 DUALIZA-TE 12 de diciembre de 2022 Mendigoiti ikastetxea\u00a0junto con el\u00a0CEIP Rosa dels Vents\u00a0de Mallorca y el\u00a0\u00a0CEIP Attilio Bruschetti\u00a0de\u00a0 X\u00e1tiva ha sido seleccionado por el\u00a0Ministerio de Educaci\u00f3n\u00a0para desarrollar un proyecto com\u00fan con el fin de promover\u00a0\u2026","rel":"","context":"Entrada similar","img":{"alt_text":"","src":"https:\/\/i0.wp.com\/mendillorri-mendigoiti.educacion.navarra.es\/web\/wp-content\/uploads\/2024\/01\/MATRIKULAZIO-AURKEZPENA_-PRESENTACION-MATRICULACION.jpg?resize=350%2C200&ssl=1","width":350,"height":200},"classes":[]},{"id":100,"url":"https:\/\/mendillorri-mendigoiti.educacion.navarra.es\/web\/es\/proyecto-educativo\/","url_meta":{"origin":5410,"position":4},"title":"Proyecto Educativo","date":"13 de enero de 2014","format":false,"excerpt":"Estas son nuestras se\u00f1as de identidad: Somos una escuela amable, respetuosa con la infancia que\u00a0 tiene como\u00a0 objetivo \u00a0 ayudar a las ni\u00f1as y ni\u00f1os a\u00a0 desarrollarse como personas maduras , descubrir mundos y\u00a0 horizontes que desconocen y desarrollar talentos propios. \u00a0\u00a0\u00a0Mendigoiti\u00a0 es una escuela comprometida con una educaci\u00f3n viva\u2026","rel":"","context":"Con 1 comentario","img":{"alt_text":"","src":"https:\/\/i0.wp.com\/mendillorri-mendigoiti.educacion.navarra.es\/web\/wp-content\/uploads\/2020\/12\/IMG_0195-rotated.jpeg?resize=350%2C200&ssl=1","width":350,"height":200},"classes":[]},{"id":2534,"url":"https:\/\/mendillorri-mendigoiti.educacion.navarra.es\/web\/es\/consejo-escolar-elecciones-2017\/","url_meta":{"origin":5410,"position":5},"title":"CONSEJO ESCOLAR:  ELECCIONES 2024","date":"2 de noviembre de 2017","format":false,"excerpt":"08 - MODELO PRESENTACI\u00d3N CANDIDATURAS\u00a0 2024 Durante las pr\u00f3ximas semanas pondremos en marcha el proceso de elecciones para renovar la 2\u00aa mitad del Consejo Escolar de Mendigoiti. A continuaci\u00f3n, presentamos el calendario del proceso: 10 de octubre, realizamos en Secretar\u00eda el sorteo para formar la Junta Electoral, que est\u00e1 integrada\u2026","rel":"","context":"Entrada similar","img":{"alt_text":"","src":"https:\/\/i0.wp.com\/mendillorri-mendigoiti.educacion.navarra.es\/web\/wp-content\/uploads\/2024\/10\/HAUTAGAITZA.png?resize=350%2C200&ssl=1","width":350,"height":200},"classes":[]}],"_links":{"self":[{"href":"https:\/\/mendillorri-mendigoiti.educacion.navarra.es\/web\/es\/wp-json\/wp\/v2\/pages\/5410"}],"collection":[{"href":"https:\/\/mendillorri-mendigoiti.educacion.navarra.es\/web\/es\/wp-json\/wp\/v2\/pages"}],"about":[{"href":"https:\/\/mendillorri-mendigoiti.educacion.navarra.es\/web\/es\/wp-json\/wp\/v2\/types\/page"}],"author":[{"embeddable":true,"href":"https:\/\/mendillorri-mendigoiti.educacion.navarra.es\/web\/es\/wp-json\/wp\/v2\/users\/1"}],"replies":[{"embeddable":true,"href":"https:\/\/mendillorri-mendigoiti.educacion.navarra.es\/web\/es\/wp-json\/wp\/v2\/comments?post=5410"}],"version-history":[{"count":3,"href":"https:\/\/mendillorri-mendigoiti.educacion.navarra.es\/web\/es\/wp-json\/wp\/v2\/pages\/5410\/revisions"}],"predecessor-version":[{"id":5459,"href":"https:\/\/mendillorri-mendigoiti.educacion.navarra.es\/web\/es\/wp-json\/wp\/v2\/pages\/5410\/revisions\/5459"}],"wp:attachment":[{"href":"https:\/\/mendillorri-mendigoiti.educacion.navarra.es\/web\/es\/wp-json\/wp\/v2\/media?parent=5410"}],"curies":[{"name":"wp","href":"https:\/\/api.w.org\/{rel}","templated":true}]}}

<p>El TBL (Thinking Based Learning) o Aprendizaje Basado en el Pensamiento, es un tipo de aprendizaje activo en el que se prioriza el razonamiento por encima de la memorización estanca de los contenidos, con el objetivo de desarrollar el <em>pensamiento eficaz</em>.</p>



<p>Este método surje de los trabajos realizados por el equipo de Robert Swartz, Ron Rittchart, David Perkins etc. dentro del <a href="https://profuturo.education/topics/ensenar-a-pensar-nuevo-curriculum-project-zero/">proyecto ZERO</a> de la Universidad de Harvard.</p>



<p>Requiere del uso de procedimientos de razonamiento de orden superior como la toma de decisiones, comparar y contrastar, predecir, etc. Para ello, se utilizan los denominados <em>mapas de pensamien</em>t<em>o</em>, junto con los organizadores gráficos y diferentes rutinas de pensamiento para analizar, sintetizar, organizar y profundizar en las ideas.</p>



<p>En este enfoque activo el rol de l@ maestr@ pasa de dar a l@s alumn@s información que quieren que aprendan, a ayudarlos a encontrar esa información por ell@s mism@s y determinar cómo utilizarla, para así, desarrollar por un lado el pensamiento crítico y, por otro, la libertad de pensamiento, competencias fundamentales en los tiempos actuales.&nbsp;</p>



<p></p>



<p class="has-text-align-center"></p>



<div class="wp-block-image"><figure class="aligncenter size-full is-resized"><img data-attachment-id="5456" data-permalink="https://mendillorri-mendigoiti.educacion.navarra.es/web/es/aprendizaje-basado-en-el-pensamiento-tbl/tbl-1/" data-orig-file="https://i0.wp.com/mendillorri-mendigoiti.educacion.navarra.es/web/wp-content/uploads/2021/09/TBL-1.png?fit=600%2C338&amp;ssl=1" data-orig-size="600,338" data-comments-opened="1" data-image-meta="{&quot;aperture&quot;:&quot;0&quot;,&quot;credit&quot;:&quot;&quot;,&quot;camera&quot;:&quot;&quot;,&quot;caption&quot;:&quot;&quot;,&quot;created_timestamp&quot;:&quot;0&quot;,&quot;copyright&quot;:&quot;&quot;,&quot;focal_length&quot;:&quot;0&quot;,&quot;iso&quot;:&quot;0&quot;,&quot;shutter_speed&quot;:&quot;0&quot;,&quot;title&quot;:&quot;&quot;,&quot;orientation&quot;:&quot;0&quot;}" data-image-title="TBL-1" data-image-description="" data-image-caption="" data-medium-file="https://i0.wp.com/mendillorri-mendigoiti.educacion.navarra.es/web/wp-content/uploads/2021/09/TBL-1.png?fit=600%2C338&amp;ssl=1" data-large-file="https://i0.wp.com/mendillorri-mendigoiti.educacion.navarra.es/web/wp-content/uploads/2021/09/TBL-1.png?fit=600%2C338&amp;ssl=1" loading="lazy" src="https://i0.wp.com/mendillorri-mendigoiti.educacion.navarra.es/web/wp-content/uploads/2021/09/TBL-1.png?resize=890%2C502&#038;ssl=1" alt="" class="wp-image-5456" width="890" height="502" data-recalc-dims="1" /></figure></div>

<p>El TBL (Thinking Based Learning) o Aprendizaje Basado en el Pensamiento, es un tipo de aprendizaje activo en el que se prioriza el razonamiento por encima de la memorización estanca de los contenidos, con el objetivo de desarrollar el pensamiento eficaz. Este método surje de los trabajos realizados por el equipo de Robert Swartz, Ron &hellip; </p>
<p><a class="more-link btn" href="https://mendillorri-mendigoiti.educacion.navarra.es/web/es/aprendizaje-basado-en-el-pensamiento-tbl/">Continue reading</a></p>

El Aprendizaje Basado en Proyectos (ABP) es una metodología activa, una modalidad de enseñanza y aprendizaje centrada en el niño y la niña; un proceso compartido entre los participantes, siendo su objetivo principal la obtención de un producto final. Este método promueve el aprendizaje cooperativo, grupal e individual y autónomo dentro de…

Los conocimientos aportados desde las ciencias del aprendizaje y la neuroeducación, nos indican que el entrenamiento y desarrollo de las Funciones Ejecutivas (FE) y la autorregulación emocional, son componentes clave tanto para el aprendizaje como para una vida en sociedad. Las investigaciones aportadas desde las neurociencias contemplativas por Richard J.…

Hoy nuestra sociedad está aún más digitalizada. Existen evidencias suficientes de la influencia negativa de la pantalla y su uso excesivo en el rendimiento escolar. Esto está generando una gran preocupación en la comunidad educativa y un gran debate sobre el uso de las pantallas.   Por tanto, los…

ROCÍO NIEBLAMadrid - 06 ABR 2023 - 05:25 CEST DOSIER GRAÓ ENERO 2023 CONSEJO ESCOLAR DE NAVARRA DICIEMBRE 2022 DUALIZA-TE 12 de diciembre de 2022 Mendigoiti ikastetxea junto con el CEIP Rosa dels Vents de Mallorca y el  CEIP Attilio Bruschetti de  Xátiva ha sido seleccionado por el Ministerio de Educación para desarrollar un proyecto común con el fin de promover …

Estas son nuestras señas de identidad: Somos una escuela amable, respetuosa con la infancia que  tiene como  objetivo   ayudar a las niñas y niños a  desarrollarse como personas maduras , descubrir mundos y  horizontes que desconocen y desarrollar talentos propios.    Mendigoiti  es una escuela comprometida con una educación viva…

08 - MODELO PRESENTACIÓN CANDIDATURAS  2024 Durante las próximas semanas pondremos en marcha el proceso de elecciones para renovar la 2ª mitad del Consejo Escolar de Mendigoiti. A continuación, presentamos el calendario del proceso: 10 de octubre, realizamos en Secretaría el sorteo para formar la Junta Electoral, que está integrada…
